{"id":136,"date":"2020-02-16T14:46:37","date_gmt":"2020-02-16T14:46:37","guid":{"rendered":"http:\/\/www.katki.savakademi.org\/index.php\/katki\/"},"modified":"2020-02-17T05:01:27","modified_gmt":"2020-02-17T05:01:27","slug":"katki","status":"publish","type":"page","link":"http:\/\/www.katki.savakademi.org\/index.php\/katki\/?lang=en","title":{"rendered":"Katk\u0131"},"content":{"rendered":"<p>[vc_row][vc_column][vc_text_separator title=&#8221;ABOUT US&#8221; title_align=&#8221;separator_align_left&#8221; align=&#8221;align_left&#8221; color=&#8221;custom&#8221; css_animation=&#8221;fadeInRight&#8221; accent_color=&#8221;#ed1c24&#8243;][vc_column_text]<strong>Katk\u0131, <\/strong>is the peer-reviewed publication of the <strong>Social Research Foundation (SAV)<\/strong>.<\/p>\n<p><strong>Owner:<\/strong> Serap Korkusuz<\/p>\n<p><strong>Responsible Editor:<\/strong> Serap Korkusuz<\/p>\n<p><strong>Publication Type:<\/strong> Referees e-journal two issues per year (April and October)<\/p>\n<p><strong>Publication Language: <\/strong>Turkish and English<\/p>\n<p><strong>Publication Date:<\/strong> 2015<\/p>\n<p><strong>E-ISSN:<\/strong> 2587-1560<\/p>\n<p><strong>Management Center: <\/strong>Osmana\u011fa Mahallesi General As\u0131m G\u00fcnd\u00fcz Cad. \u00dcner Tan \u0130\u015f Merkezi No: 35 Kat: 4 Daire: 14 Kad\u0131k\u00f6y\u2013\u0130STANBUL<\/p>\n<p><strong>Tel:<\/strong> 0 216 345 69 39-0 216 418 95 48<\/p>\n<p><strong>Katk\u0131 E-mail:<\/strong> sav@katki.savakademi.org<\/p>\n<p><strong>Katk\u0131 Web:<\/strong> www.katki.savakademi.org<\/p>\n<p><strong>Social Research Foundation (SAV)<\/strong> <strong>E-mail:<\/strong> merhaba@savportal.org<\/p>\n<p><strong>Social Research Foundation (SAV) Web:<\/strong> <a href=\"http:\/\/www.savportal.org\">www.savportal.org<\/a>[\/vc_column_text][\/vc_column][\/vc_row][vc_row css=&#8221;.vc_custom_1581864942770{padding-top: 30px !important;}&#8221;][vc_column][vc_text_separator title=&#8221;AIMS AND SCOPE&#8221; title_align=&#8221;separator_align_left&#8221; align=&#8221;align_left&#8221; color=&#8221;custom&#8221; css_animation=&#8221;fadeInRight&#8221; accent_color=&#8221;#ed1c24&#8243;][vc_column_text]The e-journal Katk\u0131, launched in 2015, is one of the collective works of the Social Research Foundation. Adopting a critical approach, our journal continues to offer valuable insights while gathering the authors and the readers\u00a0 within specified themes.<\/p>\n<p>Katk\u0131 aims at offering with interdisciplinary works a holistic perspective to the contemporary social sciences in which social reality is disintegrating into sub-categories with sharp boundaries.\u00a0 For this purpose, the articles proposed in this journal are integrated works treating social reality in all its aspects, i.e. historical, economic, political, as well as cultural including ecology and gender equality. We also try to makespace for and give priority to the research works conducted by graduate students.<\/p>\n<p>The scope of Katk\u0131, as is evident from its aims, is so comprehensive that it extends to historical, social, economic and cultural facts, hence the interdisciplinary works are privileged. The articles fulfilling scientific criteria are taken under review according to the theme specified (though there may be off-topic articles). The articles submitted for publication are screened for plagiarism, peer-reviewed by more than one referee and subject to editorial board approval in order to be published. The online journal Katk\u0131 is an open access, peer-reviewed journal and issued twice a year (April and October), except the special issues.[\/vc_column_text][\/vc_column][\/vc_row][vc_row css=&#8221;.vc_custom_1581864942770{padding-top: 30px !important;}&#8221;][vc_column][vc_text_separator title=&#8221;OPEN ACCESS AND PUBLICATION ETHICS&#8221; title_align=&#8221;separator_align_left&#8221; align=&#8221;align_left&#8221; color=&#8221;custom&#8221; css_animation=&#8221;fadeInRight&#8221; accent_color=&#8221;#ed1c24&#8243;][vc_column_text]Katk\u0131 is an open access journal. Departing from the idea that knowledge is a collective asset of humanity, all content is made directly accessible.\u00a0 The journal adopts the declaration of the <a href=\"https:\/\/www.budapestopenaccessinitiative.org\">Budapest Open Access Initiative<\/a>.<\/p>\n<p><em>Katk\u0131<\/em> applies Double Blind Peer-Reviewing. It is important to comply with the standards based on ethical principles in order to ensure the scientific nature of the research results. All parties (author, editor, referee, publisher) involved in the publication process are expected to comply with ethical standards defined by <a href=\"https:\/\/publicationethics.org\">Committee on Publication Ethics<\/a> (COPE).<\/p>\n<p style=\"text-align: justify;\">All the submitted articles are screened for plagiarism using <strong>Turnitin<\/strong> software in accordance with the publication ethics. In case of detecting plagiarism, the corresponding article is rejected and the future articles coming from the corresponding author will never be accepted<\/p>\n<p>[\/vc_column_text][\/vc_column][\/vc_row][vc_row css=&#8221;.vc_custom_1581864942770{padding-top: 30px !important;}&#8221;][vc_column][vc_text_separator title=&#8221;INDEXING&#8221; title_align=&#8221;separator_align_left&#8221; align=&#8221;align_left&#8221; color=&#8221;custom&#8221; css_animation=&#8221;fadeInRight&#8221; accent_color=&#8221;#ed1c24&#8243;][vc_column_text]Katk\u0131 e-journal is under review for<a href=\"http:\/\/www.doaj.org\/\"> DOAJ (Directory of Open Access Journals)<\/a> Application date: October 2019[\/vc_column_text][\/vc_column][\/vc_row][vc_row css=&#8221;.vc_custom_1581864942770{padding-top: 30px !important;}&#8221;][vc_column][vc_text_separator title=&#8221;ARCHIVING&#8221; title_align=&#8221;separator_align_left&#8221; align=&#8221;align_left&#8221; color=&#8221;custom&#8221; css_animation=&#8221;fadeInRight&#8221; accent_color=&#8221;#ed1c24&#8243;][vc_column_text]All data belong to <em>Katk\u0131 E-Journal<\/em> is stored on a third party server which is unaccessible.[\/vc_column_text][\/vc_column][\/vc_row]<\/p>\n","protected":false},"excerpt":{"rendered":"<p>[vc_row][vc_column][vc_text_separator title=&#8221;ABOUT US&#8221; title_align=&#8221;separator_align_left&#8221; align=&#8221;align_left&#8221; color=&#8221;custom&#8221; css_animation=&#8221;fadeInRight&#8221; accent_color=&#8221;#ed1c24&#8243;][vc_column_text]Katk\u0131, is the peer-reviewed publication of the Social Research Foundation (SAV). Owner: Serap Korkusuz Responsible Editor: Serap Korkusuz Publication<span class=\"excerpt-hellip\"> [\u2026]<\/span><\/p>\n","protected":false},"author":1,"featured_media":0,"parent":0,"menu_order":0,"comment_status":"closed","ping_status":"closed","template":"","meta":{"footnotes":""},"class_list":["post-136","page","type-page","status-publish","hentry"],"_links":{"self":[{"href":"http:\/\/www.katki.savakademi.org\/index.php\/wp-json\/wp\/v2\/pages\/136"}],"collection":[{"href":"http:\/\/www.katki.savakademi.org\/index.php\/wp-json\/wp\/v2\/pages"}],"about":[{"href":"http:\/\/www.katki.savakademi.org\/index.php\/wp-json\/wp\/v2\/types\/page"}],"author":[{"embeddable":true,"href":"http:\/\/www.katki.savakademi.org\/index.php\/wp-json\/wp\/v2\/users\/1"}],"replies":[{"embeddable":true,"href":"http:\/\/www.katki.savakademi.org\/index.php\/wp-json\/wp\/v2\/comments?post=136"}],"version-history":[{"count":2,"href":"http:\/\/www.katki.savakademi.org\/index.php\/wp-json\/wp\/v2\/pages\/136\/revisions"}],"predecessor-version":[{"id":140,"href":"http:\/\/www.katki.savakademi.org\/index.php\/wp-json\/wp\/v2\/pages\/136\/revisions\/140"}],"wp:attachment":[{"href":"http:\/\/www.katki.savakademi.org\/index.php\/wp-json\/wp\/v2\/media?parent=136"}],"curies":[{"name":"wp","href":"https:\/\/api.w.org\/{rel}","templated":true}]}}