{"id":141,"date":"2020-02-16T15:19:00","date_gmt":"2020-02-16T15:19:00","guid":{"rendered":"http:\/\/www.katki.savakademi.org\/index.php\/kurullar\/"},"modified":"2020-03-13T06:16:07","modified_gmt":"2020-03-13T06:16:07","slug":"boards","status":"publish","type":"page","link":"http:\/\/www.katki.savakademi.org\/index.php\/boards\/?lang=en","title":{"rendered":"Boards"},"content":{"rendered":"<p>[vc_row][vc_column][vc_text_separator title=&#8221;EDITORIAL BOARD&#8221; title_align=&#8221;separator_align_left&#8221; align=&#8221;align_left&#8221; color=&#8221;custom&#8221; css_animation=&#8221;fadeInRight&#8221; accent_color=&#8221;#ed1c24&#8243;][\/vc_column][\/vc_row][vc_row css=&#8221;.vc_custom_1581864942770{padding-top: 30px !important;}&#8221;][vc_column][vc_column_text]<\/p>\n<p style=\"text-align: center;\">Serap Korkusuz,<\/p>\n<p style=\"text-align: center;\"><strong>Responsible Editor,<\/strong><\/p>\n<p style=\"text-align: center;\">e-mail:\u00a0<a href=\"mailto:serapkurt1@gmail.com\">serapkurt1@gmail.com<\/a><\/p>\n<p>[\/vc_column_text][\/vc_column][\/vc_row][vc_row css=&#8221;.vc_custom_1581864942770{padding-top: 30px !important;}&#8221;][vc_column width=&#8221;1\/3&#8243;][vc_column_text]Adnan Avc\u0131, Researcher, Social Research Foundation, Mu\u011fla, (adnan.lazuri@gmail.com),<\/p>\n<p>Ahmet \u00d6nder, Hali\u00e7 University, \u0130stanbul, (<a href=\"mailto:ahmetonder@halic.edu.tr\">ahmetonder@halic.edu.tr<\/a>),<\/p>\n<p>Ali \u00d6zkesen, \u00c7ank\u0131r\u0131 Karatekin University, (aliozkesen@karatekin.edu.tr),<\/p>\n<p>Dr. Altan Alaybeyo\u011flu, Hali\u00e7 University, \u0130stanbul, (altanalaybeyoglu@halic.edu.tr),<\/p>\n<p>Arif Arslan, Researcher, Social Research Foundation, \u0130stanbul, (ararken@hotmail.com),<\/p>\n<p>Dr. Arif Ko\u015far, Researcher, Social Research Foundation, \u0130stanbul, (marifkosar@gmail.com),<\/p>\n<p>Ay\u015fe Evrim Donat, Marmara University, Phd. Student, \u0130stanbul, (<a href=\"mailto:evrimdonat@yahoo.com\">evrimdonat@yahoo.com<\/a>),<\/p>\n<p>Azize Aslan, Meritorious Autonomous University of Puebla (BUAP), Phd. Student, Puebla, (azeaslan@gmail.com),[\/vc_column_text][\/vc_column][vc_column width=&#8221;1\/3&#8243;][vc_column_text]Can Deniz Eraldemir, Researcher, Social Research Foundation, \u0130stanbul, (candenizeraldemir@gmail.com),<\/p>\n<p>Cansu Ba\u015fak, Ankara University, Phd. Student, \u0130stanbul, (cansu.basak@yahoo.com),<\/p>\n<p>\u00c7a\u011f\u0131n Erbek, Marmara University, Phd. Student, \u0130stanbul, (caginerbekk@gmail.com),<\/p>\n<p>Deniz Ulusoy, Ankara University, Phd. Student, \u0130stanbul, (deniz.dnzulusoy@gmail.com),<\/p>\n<p>Ekin De\u011firmenci, Ankara University, Phd. Student, Ankara (ekinerdo\u011fdu@gmail.com),<\/p>\n<p>Erdem \u00c7evik, Researcher, Social Research Foundation, \u0130stanbul, (erdemcvk@gmail.com),<\/p>\n<p>G\u00fcler \u00d6zdemir, \u0130stanbul University, Phd. Student, \u0130stanbul, (gulerozdemir84@gmail.com),<\/p>\n<p>Hasan Ate\u015f, Researcher, Social Research Foundation, \u0130stanbul, (hasanates.karacan@hotmail.com),[\/vc_column_text][\/vc_column][vc_column width=&#8221;1\/3&#8243;][vc_column_text]Seda G\u00f6n\u00fcl, D\u00fczce University, Phd. Student, \u0130stanbul, (sedagnl@gmail.com),<\/p>\n<p>Selen Erta\u015f, Hali\u00e7 University, \u0130stanbul, (<a href=\"mailto:selenertas@halic.edu.tr\">selenertas@halic.edu.tr<\/a>),<\/p>\n<p>Dr. Selma De\u011firmenci, Researcher, Social Research Foundation, \u0130stanbul, (de\u011firmencis@gmail.com),<\/p>\n<p>Sezen \u00c7ilengir, \u0130stanbul University, \u0130stanbul, (sezen.cilengir@istanbul.edu.tr),<\/p>\n<p>Sinan Araman, \u0130stanbul University, Phd. Student, \u0130stanbul, (sinanaraman@gmail.com),<\/p>\n<p>Suat Aksoy, Marmara University, \u0130stanbul, (<a href=\"mailto:suat.aksoy@marmara.edu.tr\">suat.aksoy@marmara.edu.tr<\/a>),<\/p>\n<p>Dr. Tolga T\u00f6ren, Researcher, University of Kassel, Kassel, (tolgatoren@gmail.com),<\/p>\n<p>Yelda Altunal G\u00fcrgen, Marmara University, Phd. Student, \u0130stanbul, (<a href=\"mailto:yld.altunal@gmail.com\">yld.altunal@gmail.com<\/a>).[\/vc_column_text][\/vc_column][\/vc_row][vc_row css=&#8221;.vc_custom_1581864942770{padding-top: 30px !important;}&#8221;][vc_column][vc_text_separator title=&#8221;ADVISORY BOARD&#8221; title_align=&#8221;separator_align_left&#8221; align=&#8221;align_left&#8221; color=&#8221;custom&#8221; css_animation=&#8221;fadeInRight&#8221; accent_color=&#8221;#ed1c24&#8243;][\/vc_column][\/vc_row][vc_row css=&#8221;.vc_custom_1581864942770{padding-top: 30px !important;}&#8221;][vc_column width=&#8221;1\/3&#8243;][vc_column_text]Dr. Adem A\u00e7ar, Siirt University, Siirt, (<a href=\"mailto:ademacar@siirt.edu.tr\">ademacar@siirt.edu.tr<\/a>),<\/p>\n<p>Dr. Ay\u015fe Cebeci, Harran University, Urfa, (183171@gmail.com),<\/p>\n<p>Do\u00e7. Dr. Berna G\u00fcler, Marmara University, \u0130stanbul, (bernag@marmara.edu.tr),<\/p>\n<p>Prof. Dr. Besime \u015een, Mimar Sinan Fine Arts University, \u0130stanbul, (besimesen@yahoo.com),<\/p>\n<p>Dr. B\u00fclent Duru, Independent Researcher, Ankara, (durubulent@gmail.com),<\/p>\n<p>Do\u00e7. Dr. \u00c7a\u011fatay Edg\u00fccan \u015eahin, Ordu University, Ordu, (<a href=\"mailto:cedgucansahin@gmail.com\">cedgucansahin@gmail.com<\/a>),<\/p>\n<p>Dr. Derya Keskin, Kocaeli Academy for Solidarty, \u0130zmit, (ddkeskin@yahoo.com),<\/p>\n<p>Dr. Do\u011fan Bar\u0131\u015f K\u0131l\u0131n\u00e7, Dicle University, Diyarbak\u0131r, (<a href=\"mailto:doganbariskilinc@gmail.com\">doganbariskilinc@gmail.com<\/a>),<\/p>\n<p>Dr. Ece \u00d6ztan, Researcher, Social Research Foundation, \u0130stanbul, (ece.oztan@gmail.com),<\/p>\n<p>Do\u00e7. Dr. Egemen Y\u0131lg\u00fcr, Yeditepe University, \u0130stanbul, (egemen.yilgur@yeditepe.edu.tr),<\/p>\n<p>Prof. Dr. Ester Ruben, Y\u0131ld\u0131z Teknik University, \u0130stanbul, (<a href=\"mailto:ruben@yildiz.edu.tr\">ruben@yildiz.edu.tr<\/a>),<\/p>\n<p>Do\u00e7. Dr. Ferda D\u00f6nmez Atba\u015f\u0131, Ankara University, Ankara, (<a href=\"mailto:ferda.donmez@politics.ankara.edu.tr\">ferda.donmez@politics.ankara.edu.tr<\/a>),<\/p>\n<p>Dr. Ferda Uzunyayla, Bolu Abant \u0130zzet Baysal University, Bolu, (ferdauzunyayla@gmail.com),[\/vc_column_text][\/vc_column][vc_column width=&#8221;1\/3&#8243;][vc_column_text]Prof. Dr. Fuat Ercan, Researcher, SAV Academy, \u0130stanbul, (<a href=\"mailto:ercanfu@yahoo.com\">ercanfu@yahoo.com<\/a>),<\/p>\n<p>Prof. Dr. H. \u015eebnem O\u011fuz, Ba\u015fkent University, Ankara, (hoguz@baskent.edu.tr),<\/p>\n<p>Do\u00e7. Dr. Hakan G\u00fcne\u015f, \u0130stanbul University, \u0130stanbul, (<a href=\"mailto:hgunes@\">hgunes@<\/a>istanbul.edu.tr),<\/p>\n<p>Dr. Hatice Aztimur, Harran University, Urfa, (<a href=\"mailto:osetian100@yahoo.com\">osetian100@yahoo.com<\/a>),<\/p>\n<p>Dr. \u0130dris Akkuzu, Tekirda\u011f Nam\u0131k Kemal University, Tekirda\u011f, (iakkuzu@nku.edu.tr),<\/p>\n<p>Do\u00e7. Dr. Kurtar Tany\u0131lmaz, Marmara University, \u0130stanbul, (ktanyilmaz@marmara.edu.tr),<\/p>\n<p>Prof. Dr. Kuvvet \u0130. Lordo\u011flu, Kocaeli Academy for Solidarty, \u0130zmit, (klordoglu@gmail.com),<\/p>\n<p>Do\u00e7. Dr. M. Hakan Ko\u00e7ak, Kocaeli Academy for Solidarty, \u0130zmit, (<a href=\"mailto:hak29@yahoo.com\">hak29@yahoo.com<\/a>),<\/p>\n<p>Dr. Mehmet G\u00fcrsan \u015eenalp, At\u0131l\u0131m University, Ankara, (gursan.senalp@atilim.edu.tr),<\/p>\n<p>Do\u00e7. Dr. Melda Yaman, Researcher, Social Research Foundation, \u0130zmir, (<a href=\"mailto:meldaya2000@yahoo.com\">meldaya2000@yahoo.com<\/a>),<\/p>\n<p>Dr. Miri\u015f Meryem Kurtulmu\u015f, Marmara University, \u0130stanbul, (<a href=\"mailto:mkiroglu@marmara.edu.tr\">mkiroglu@marmara.edu.tr<\/a>),<\/p>\n<p>Dr. Nihan Ci\u011ferci Ulukan, Ordu University, Ordu, (nculukan@odu.edu.tr),<\/p>\n<p>Prof. Dr. Nilay Etiler, Kocaeli Academy for Solidarty, \u0130zmit,[\/vc_column_text][\/vc_column][vc_column width=&#8221;1\/3&#8243;][vc_column_text]Do\u00e7. Dr. Nuray Erg\u00fcne\u015f, \u0130stanbul University, \u0130stanbul,<\/p>\n<p>Prof, Dr. Nurcan \u00d6zkaplan, University Faculty Members Association (retired academician), \u0130stanbul, (<a href=\"mailto:nurcanozkaplan@yahoo.com\">nurcanozkaplan@yahoo.com<\/a>),<\/p>\n<p>Dr. \u00d6rgen U\u011furlu, Kocaeli University, \u0130zmit, (<a href=\"mailto:orgen.ugurlu@kocaeli.edu.tr\">orgen.ugurlu@kocaeli.edu.tr<\/a>),<\/p>\n<p>Dr. \u00d6zg\u00fcn Bi\u00e7er, Marmara University, \u0130stanbul, (<a href=\"mailto:ozgun.bicer@marmara.edu.tr\">ozgun.bicer@marmara.edu.tr<\/a>),<\/p>\n<p>Dr, \u00d6zg\u00fcr Narin, Ordu University, Ordu, (<a href=\"mailto:narinozgur@yahoo.com\">narinozgur@yahoo.com<\/a>),<\/p>\n<p>Do\u00e7. Dr. \u00d6zg\u00fcr \u00d6zt\u00fcrk, Researcher, Social Research Foundation, \u0130zmir, (<a href=\"mailto:ozgurme@yahoo.com\">ozgurme@yahoo.com<\/a>),<\/p>\n<p>Dr. \u00d6zlem \u00c7elik, University of Helsinki, Helsinki, (<a href=\"mailto:ozlem.celik@helsinki.fi\">ozlem.celik@helsinki.fi<\/a>),<\/p>\n<p>Prof. Dr. \u015e\u00fckr\u00fc Aslan Mimar Sinan Fine Arts University, \u0130stanbul, (<a href=\"mailto:sukru.aslan@msgsu.edu.tr\">sukru.aslan@msgsu.edu.tr<\/a>),<\/p>\n<p>Dr. Umut Ulukan, Ordu University, Ordu, (<a href=\"mailto:umutulukan@odu.edu.tr\">umutulukan@odu.edu.tr<\/a>),<\/p>\n<p>Dr. Uygar Dursun Y\u0131ld\u0131r\u0131m, Gaziantep University, Gaziantep, (<a href=\"mailto:uygaryildirim@gantep.edu.tr\">uygaryildirim@gantep.edu.tr<\/a>),<\/p>\n<p>Do\u00e7. Dr. Y\u00fccel Demirer, Kocaeli Academy for Solidarty, \u0130zmit, (yuceldemirer@gmail.com).[\/vc_column_text][\/vc_column][\/vc_row]<\/p>\n","protected":false},"excerpt":{"rendered":"<p>[vc_row][vc_column][vc_text_separator title=&#8221;EDITORIAL BOARD&#8221; title_align=&#8221;separator_align_left&#8221; align=&#8221;align_left&#8221; color=&#8221;custom&#8221; css_animation=&#8221;fadeInRight&#8221; accent_color=&#8221;#ed1c24&#8243;][\/vc_column][\/vc_row][vc_row css=&#8221;.vc_custom_1581864942770{padding-top: 30px !important;}&#8221;][vc_column][vc_column_text] Serap Korkusuz, Responsible Editor, e-mail:\u00a0serapkurt1@gmail.com [\/vc_column_text][\/vc_column][\/vc_row][vc_row css=&#8221;.vc_custom_1581864942770{padding-top: 30px !important;}&#8221;][vc_column width=&#8221;1\/3&#8243;][vc_column_text]Adnan Avc\u0131, Researcher, Social Research Foundation,<span class=\"excerpt-hellip\"> [\u2026]<\/span><\/p>\n","protected":false},"author":1,"featured_media":0,"parent":0,"menu_order":0,"comment_status":"closed","ping_status":"closed","template":"","meta":{"footnotes":""},"class_list":["post-141","page","type-page","status-publish","hentry"],"_links":{"self":[{"href":"http:\/\/www.katki.savakademi.org\/index.php\/wp-json\/wp\/v2\/pages\/141"}],"collection":[{"href":"http:\/\/www.katki.savakademi.org\/index.php\/wp-json\/wp\/v2\/pages"}],"about":[{"href":"http:\/\/www.katki.savakademi.org\/index.php\/wp-json\/wp\/v2\/types\/page"}],"author":[{"embeddable":true,"href":"http:\/\/www.katki.savakademi.org\/index.php\/wp-json\/wp\/v2\/users\/1"}],"replies":[{"embeddable":true,"href":"http:\/\/www.katki.savakademi.org\/index.php\/wp-json\/wp\/v2\/comments?post=141"}],"version-history":[{"count":4,"href":"http:\/\/www.katki.savakademi.org\/index.php\/wp-json\/wp\/v2\/pages\/141\/revisions"}],"predecessor-version":[{"id":244,"href":"http:\/\/www.katki.savakademi.org\/index.php\/wp-json\/wp\/v2\/pages\/141\/revisions\/244"}],"wp:attachment":[{"href":"http:\/\/www.katki.savakademi.org\/index.php\/wp-json\/wp\/v2\/media?parent=141"}],"curies":[{"name":"wp","href":"https:\/\/api.w.org\/{rel}","templated":true}]}}