{"id":175,"date":"2020-03-11T11:19:22","date_gmt":"2020-03-11T11:19:22","guid":{"rendered":"http:\/\/www.katki.savakademi.org\/?page_id=175"},"modified":"2020-03-11T11:54:58","modified_gmt":"2020-03-11T11:54:58","slug":"1-sayi","status":"publish","type":"page","link":"http:\/\/www.katki.savakademi.org\/index.php\/1-sayi\/","title":{"rendered":"1.Say\u0131: EMEK"},"content":{"rendered":"<p>[vc_row css=&#8221;.vc_custom_1459191833542{margin-top: 50px !important;}&#8221;][vc_column width=&#8221;1\/2&#8243;][vc_single_image image=&#8221;16&#8243; img_size=&#8221;large&#8221; alignment=&#8221;center&#8221; onclick=&#8221;custom_link&#8221; img_link_target=&#8221;_blank&#8221; link=&#8221;http:\/\/www.katki.savakademi.org\/wp-content\/uploads\/2020\/02\/Katki_11.pdf&#8221;][\/vc_column][vc_column width=&#8221;1\/2&#8243;][vc_text_separator title=&#8221;1. Say\u0131: EMEK&#8221; title_align=&#8221;separator_align_left&#8221; align=&#8221;align_left&#8221; color=&#8221;custom&#8221; css_animation=&#8221;none&#8221; accent_color=&#8221;#ed1c24&#8243;][vc_column_text css_animation=&#8221;bottom-to-top&#8221;]<\/p>\n<h5><strong>Sorumlu Yaz\u0131 \u0130\u015fleri M\u00fcd\u00fcr\u00fc<\/strong><\/h5>\n<p><em>Serap Korkusuz Kurt<\/em><\/p>\n<h5><strong>1. Say\u0131 Edit\u00f6rler Kurulu<\/strong><\/h5>\n<p><em>Onur \u00c7etinta\u015f, \u00d6zlem Erdal, Seda G\u00f6n\u00fcl<\/em>[\/vc_column_text][vc_text_separator title=&#8221;\u0130\u00e7indekiler&#8221; title_align=&#8221;separator_align_left&#8221; align=&#8221;align_left&#8221; color=&#8221;custom&#8221; css_animation=&#8221;none&#8221; accent_color=&#8221;#ed1c24&#8243;][vc_column_text css_animation=&#8221;bottom-to-top&#8221;]<a href=\"http:\/\/www.katki.savakademi.org\/wp-content\/uploads\/2020\/03\/1_1.pdf\"><strong>Enformelle\u015fme, Kimlik, Prekarizasyon: Eme\u011fin K\u00fcrt Hali<\/strong><\/a><br \/>\n<em>Polat S. Alpman<\/em><\/p>\n<p><a href=\"http:\/\/www.katki.savakademi.org\/wp-content\/uploads\/2020\/03\/1_2.pdf\"><strong>Ku\u015ftepe Mahallesi\u2019nde Ge\u00e7-Peripatetik Gruplar: Katmanlar, Etkile\u015fim ve B\u00fct\u00fcnle\u015fme<\/strong><\/a><br \/>\n<em>Egemen Y\u0131lg\u00fcr<\/em><\/p>\n<p><a href=\"http:\/\/www.katki.savakademi.org\/wp-content\/uploads\/2020\/03\/1_3.pdf\"><strong>\u0130\u015fin \u0130\u00e7inde \u201c\u0130\u015f\u201d Var: Kapitalist \u0130deoloji ve \u00c7al\u0131\u015fma<\/strong><\/a><br \/>\n<em>Arif Arslan<\/em><\/p>\n<p><a href=\"http:\/\/www.katki.savakademi.org\/wp-content\/uploads\/2020\/03\/1_4.pdf\"><strong>Cumhuriyet Projesi: T\u00fcrkiye\u2019de Ulusal Ekonominin \u00d6rg\u00fctlenme Stratejisi<\/strong><\/a><br \/>\n<em>Cihan Ayd\u0131n<\/em><\/p>\n<p><a href=\"http:\/\/www.katki.savakademi.org\/wp-content\/uploads\/2020\/03\/1_5.pdf\"><strong>Gramsci\u2019nin \u00dcstyap\u0131 \u00c7\u00f6z\u00fcmlemesinin Felsefi Temelleri<\/strong><\/a><br \/>\n<em>Filiz Ayd\u0131n Cevher<\/em>[\/vc_column_text][\/vc_column][\/vc_row]<\/p>\n","protected":false},"excerpt":{"rendered":"<p>[vc_row css=&#8221;.vc_custom_1459191833542{margin-top: 50px !important;}&#8221;][vc_column width=&#8221;1\/2&#8243;][vc_single_image image=&#8221;16&#8243; img_size=&#8221;large&#8221; alignment=&#8221;center&#8221; onclick=&#8221;custom_link&#8221; img_link_target=&#8221;_blank&#8221; link=&#8221;http:\/\/www.katki.savakademi.org\/wp-content\/uploads\/2020\/02\/Katki_11.pdf&#8221;][\/vc_column][vc_column width=&#8221;1\/2&#8243;][vc_text_separator title=&#8221;1. Say\u0131: EMEK&#8221; title_align=&#8221;separator_align_left&#8221; align=&#8221;align_left&#8221; color=&#8221;custom&#8221; css_animation=&#8221;none&#8221; accent_color=&#8221;#ed1c24&#8243;][vc_column_text css_animation=&#8221;bottom-to-top&#8221;] Sorumlu Yaz\u0131 \u0130\u015fleri M\u00fcd\u00fcr\u00fc Serap<span class=\"excerpt-hellip\"> [\u2026]<\/span><\/p>\n","protected":false},"author":1,"featured_media":0,"parent":0,"menu_order":0,"comment_status":"closed","ping_status":"closed","template":"","meta":{"footnotes":""},"class_list":["post-175","page","type-page","status-publish","hentry"],"_links":{"self":[{"href":"http:\/\/www.katki.savakademi.org\/index.php\/wp-json\/wp\/v2\/pages\/175"}],"collection":[{"href":"http:\/\/www.katki.savakademi.org\/index.php\/wp-json\/wp\/v2\/pages"}],"about":[{"href":"http:\/\/www.katki.savakademi.org\/index.php\/wp-json\/wp\/v2\/types\/page"}],"author":[{"embeddable":true,"href":"http:\/\/www.katki.savakademi.org\/index.php\/wp-json\/wp\/v2\/users\/1"}],"replies":[{"embeddable":true,"href":"http:\/\/www.katki.savakademi.org\/index.php\/wp-json\/wp\/v2\/comments?post=175"}],"version-history":[{"count":32,"href":"http:\/\/www.katki.savakademi.org\/index.php\/wp-json\/wp\/v2\/pages\/175\/revisions"}],"predecessor-version":[{"id":223,"href":"http:\/\/www.katki.savakademi.org\/index.php\/wp-json\/wp\/v2\/pages\/175\/revisions\/223"}],"wp:attachment":[{"href":"http:\/\/www.katki.savakademi.org\/index.php\/wp-json\/wp\/v2\/media?parent=175"}],"curies":[{"name":"wp","href":"https:\/\/api.w.org\/{rel}","templated":true}]}}